e
Let z = 17878 + 2079. Suppose o - r = 6*o - z, 4 = 2*r. Is o prime?
False
Let u = 4717 + -1496. Is u prime?
True
Let w = 29232 - 20651. Is w a prime number?
True
Let s(j) = -4*j**3 + j**2 + 3*j + 2. Let k be s(-1). Suppose k*z - 7 = 13. Suppose -5*h - z*l = -2768 - 1662, -3*h = -l - 2670. Is h prime?
False
Is (13894/(-4))/(4/(-8)) composite?
False
Suppose 5*s + 2*r = 6279, -1263 = 6*s - 7*s - 4*r. Is s a prime number?
False
Let i be 10/25 + 75616/10. Is i/26 + 2 - (-8)/52 composite?
False
Let t = -14264 + 44599. Is t a prime number?
False
Let y = 7 + -6. Let j be 2/(y/(-1) + 0). Is 2916/24 - 3/j a prime number?
False
Let a(p) = 172*p + 69. Let y be -3 - 36/(-6 + 3). Let o(c) = 43*c + 17. Let f(g) = y*o(g) - 2*a(g). Is f(8) composite?
False
Let m(o) = o**3 - 13*o**2 + 13*o - 8. Let n be m(12). Suppose n*r + 0 = 8. Is r + (-2)/((-2)/21) a composite number?
False
Is -6*5/(-15) + 1053 prime?
False
Is 2 - (-6 - 1087) - (-1 + -3) prime?
False
Suppose -2*j + 559 = -615. Is j a prime number?
True
Let t(s) = 11*s**2 + 16*s - 47. Is t(14) a composite number?
False
Let f = 2 - -1. Suppose -4*h - 34 = -f*o + o, -4*h = 16. Let k = o - -26. Is k a composite number?
True
Let b = -20647 - -29726. Is b a composite number?
True
Suppose 4*l - 7132 + 1424 = 0. Let d = -474 + l. Is d a prime number?
True
Suppose -g + 5*g = 0. Suppose 3*q - 4*q + 2 = g. Is 3/q + 285/6 prime?
False
Let h = -459 - -296. Let u be 10/(-55) - h/(-11). Let k = u + 41. Is k prime?
False
Suppose f + 4*h = 6123, -3*f - h - 296 = -18709. Is f a prime number?
False
Let l(b) = 4*b**3 - 2*b**2 + 1. Let u be l(3). Suppose -5*w + 267 + 573 = 0. Let j = w - u. Is j a composite number?
True
Let z = -1657 + 9908. Is z composite?
True
Let s = -67118 - -101521. Is s composite?
False
Let h be 4/(-6) + (-56)/(-21). Suppose 0 = 5*i - 3*q - 35, 2*i - 2*q - 14 = h*q. Is 71 - i/((-7)/(-2)) composite?
True
Suppose 2 = -l - 1. Is (l - -759)/3 + -1 a composite number?
False
Let d be (-20192)/(-6) + 12/18. Suppose 2*p + 1137 = n, -3*n + 0*p + d = 3*p. Is (n/(-21))/((-1)/3) prime?
False
Suppose -16*o - 22505 = -195801. Is o a composite number?
False
Is -1 + 4175 + -96 + 99 a prime number?
True
Let o(g) = 6*g**2 + 76*g - 799. Is o(9) a prime number?
False
Let p(x) = x**2 + 3*x + 4. Let y be p(-4). Let i be 2 + y + (-3 - 1). Let r(b) = 3*b**3 + 8*b**2 - 4*b + 9. Is r(i) composite?
True
Let j(y) be the second derivative of 5/12*y**4 + 0 + 5/3*y**3 - 5*y + 7/2*y**2. Is j(-6) composite?
False
Suppose 0 = 3*f - 105478 - 426227. Is f a composite number?
True
Let a be 3/12 + (-29)/4. Let c(k) = -7 - 3 - 3 + 4 + 4*k**2 + 0 - 10*k. Is c(a) composite?
False
Let w be -6*(27/(-6) - -3). Let r = w - 12. Is 118/r*(-3)/2 a prime number?
True
Is 2/(-13) - (1817838/(-143) + 3) prime?
False
Suppose 40*p - 17*p = 0. Let y(l) = -2*l**3 + 2*l**2 + 2*l - 7. Let v be y(-6). Suppose p = 5*n - 0*n + 2*k - v, -4*k = 0. Is n a prime number?
True
Suppose 32*n = 24*n + 64408. Is n a prime number?
False
Let s = -36 - -67. Let f = s + -18. Suppose -f*p = -8*p - 295. Is p a composite number?
False
Suppose -113100 - 9481 = -37*c. Is c a prime number?
True
Let p be 2*39/18 - (-1)/(-3). Suppose 0 = d - 5*d - 5*n + 39, d = -p*n + 7. Is d a composite number?
False
Let t(d) = -d**3 + 51*d**2 - 3*d + 103. Is t(44) a composite number?
False
Let v = 13 - 14. Is ((-37)/v)/(-7 + 8) composite?
False
Let q = 608 + 4591. Is q a composite number?
True
Let i be 4/(-14) + 680/28. Let y = 28 - i. Suppose 3*n + 2*l - 2031 = -554, -n + 509 = y*l. Is n prime?
False
Let f be (((-2205)/(-10))/(-9))/(2/(-4)). Is 14371/f + (-4)/14 prime?
True
Let a = -31 + 36. Suppose a*z - 6 = -41. Is 731 + 0 - (z - -7) a prime number?
False
Suppose -i - 7*i = 7400. Let f = -276 - i. Is f a prime number?
False
Suppose -5*b = 3*a - 46567, 17291 + 10630 = 3*b - 3*a. Is b composite?
False
Let j(x) = 176*x**3 + 8*x**2 - 13*x + 6. Is j(3) a prime number?
False
Let y(x) be the second derivative of x**5/4 - x**4/3 - 3*x**2 + x. Is y(5) prime?
False
Is (-560)/(-9) + 24/(-108) a prime number?
False
Let x = 2152 + -783. Is x a composite number?
True
Let b = 25223 + -15246. Is b a prime number?
False
Is 2 + 2/(-4)*-25314 composite?
False
Let y(w) = -w**3 - 14*w**2 - 3*w + 1. Let x(a) = -2 - a**2 + 3*a**2 - 12*a**3 + 2*a + 19*a**3 - 10*a**3. Let m be x(2). Is y(m) a composite number?
False
Let p = 2 - 2. Suppose 151 = 3*n - 338. Suppose 5*t + 5*r = 2 + n, 5*r + 10 = p. Is t a prime number?
False
Let s = 44 + -39. Is (-13)/65 - (-1336)/s a prime number?
False
Let a(z) = -z**3 + 9*z**2 - 14*z + 4. Let i be a(7). Suppose -5*r - 2*x + 3*x = -2526, -x = i*r - 2019. Is r composite?
True
Suppose 0 = -35*m + 39*m + 20. Let g(d) = 19*d**2 - 8*d - 4. Is g(m) composite?
True
Suppose y + 32288 = 3*k, 3*y = k + 2*y - 10762. Is k a composite number?
True
Let h(q) = 18*q + 1. Let o(t) = t. Let j be o(4). Let g be -1 - 8*(-4)/j. Is h(g) a composite number?
False
Let j be -3*(-6)/6*1. Is j/(3/(-5)) + 1446 a prime number?
False
Let s be (-72)/(-27) + 4/(-6). Suppose 0 = -s*i + 293 - 105. Suppose -205 = -5*k + 4*n, -2*k + 3*n = -n - i. Is k a prime number?
True
Let u(q) = 39*q**2 + q + q - 2*q + 2*q - 3. Is u(2) a composite number?
False
Let y(f) = 15*f - 15*f**2 + 8*f**2 + 13*f**2 + 21. Is y(-10) a prime number?
False
Let y(z) = -2*z**3 + 5*z**2 - 4*z + 3. Let h be y(5). Is h/8*(-23 + -5) a composite number?
True
Let v(x) = x - 7. Let b be v(7). Suppose -5*a + 4*t + 102 + 334 = 0, b = 4*t - 4. Suppose a = -f + 579. Is f a prime number?
True
Let c(n) = -n**3 + 3*n**2 - 3*n. Suppose g = -3 + 5. Let h be c(g). Let z(j) = -30*j**3 - 3*j**2 - 3*j - 1. Is z(h) a prime number?
True
Suppose 2*x = -2*x + 8. Suppose -3*u + 4*i = -8, u + x*i = -3*i - 10. Suppose -3*p + 103 + 164 = u. Is p a prime number?
True
Suppose 0 = 2*y - 346 - 184. Suppose 5*d - 66 = m - y, -3*d + 191 = m. Is m a composite number?
True
Is (-23206)/(-8) + 36/144 prime?
False
Let p be ((-40)/(-5) - 5) + 2900. Let d = p + 2118. Is d a prime number?
True
Suppose -2*h + 4088 = -h. Suppose 4*m - h = -244. Suppose 4*u = m - 197. Is u a prime number?
True
Let l be (0 + -2)*(-27)/(-6). Let s be 12/l - 3/(-9). Is ((-8)/16)/(s/438) composite?
True
Is (24/96)/((-3)/(-504732)) a composite number?
False
Let q be 1/1*(984 + 7). Let t = q - 608. Is t composite?
False
Suppose x - 2*x = -o - 777, -4 = o. Suppose -5*u + x = 3*b, -2*u - b + 254 + 56 = 0. Is u composite?
False
Is (-5 + 2)*(-6459)/9 prime?
True
Suppose -2*k = -1378 - 3922. Let n be 12/(-54) + k/18. Suppose 186 = 5*q - l, -n = -4*q - 2*l + l. Is q composite?
False
Let j = 27 - 9. Let k be j/63 + 96/7. Suppose 0 = 10*h - k*h + 460. Is h prime?
False
Suppose 2*g = 4*g + 238. Suppose 0 = h + 4*q + 38, -q = 48*h - 50*h - 40. Let m = h - g. Is m a prime number?
True
Suppose -3*k + 3 = -4*x - 0, 0 = 2*k - 2*x. Let r(t) = -39*t - 1. Let p be r(k). Is (p/6)/((-8)/(-24)) composite?
True
Suppose -z = -4347 - 2030. Is z a composite number?
True
Let r(n) = n**2 + n + 2. Let k be r(-2). Let c(o) = 9 + 25*o + k - 6. Is c(3) a composite number?
True
Let f(y) = -14*y + 4. Let k be f(1). Let p(l) = -66*l - 31. Is p(k) composite?
True
Suppose 4*a = -2*m + 33630, -32*a = 3*m - 33*a - 50431. Is m a prime number?
True
Let o(t) = -t**3 + 2*t**2 - t + 2. Let i be o(2). Let v be (0 + 4)*(-4)/(-8). Suppose v*m + m - 1191 = i. Is m composite?
False
Let u = 8 - 5. Suppose -16 = 4*v, q - 4*q + u*v = -645. Is q a composite number?
False
Is ((-3)/(-3))/((-1)/(-3353)) prime?
False
Let i(w) = 37*w**2 + 70*w - 590. Is i(9) composite?
False
Suppose 5*q = 9*z - 14*z + 13795, -5*z + 11036 = 4*q. Is q a composite number?
True
Suppose -2*g - g - 3*z + 39 = 0, -3*z = -5*g + 57. Let p = -6 + g. Is (3199/42)/(1/p) a prime number?
True
Let z = 197 + 786. Is z a prime number?
True
Suppose 3*t - 2*t = 795. Let b = t - -1006. Is b composite?
False
Suppose 268*z + 3647 = 275*z. Is z a prime number?
True
Let j be (-885)/(-5)*(2 - 12/9). Suppose 7*p - j = 5*p. Is p composite?
False
Let l(b) = -3*b**3 - 6*b**2 + 7*b - 7. Let v(z) = -2*z**3 - 6*z**2 + 6*z - 7. Suppose -5*g + 10 = 25. Let k(i) = g*l(i) + 4*v(i). Is k(6) a prime number?
True
Let d = 31 + -29. Suppose -d*g + 5*g = 4*x - 2630, 0 = -2*x - 4*g + 1326. Is x composite?
False
Let t(x) = 2*x +